ctors of 389927837?
13, 53, 191, 2963
What are the prime factors of 30390039?
3, 1125557
What are the prime factors of 2806671621?
3, 13, 19, 1571, 2411
What are the prime factors of 35788174?
2, 103, 173729
What are the prime factors of 256290257?
256290257
List the prime factors of 62651207.
599, 104593
What are the prime factors of 1988655356?
2, 21613, 23003
What are the prime factors of 211318048?
2, 79, 83591
What are the prime factors of 393739017?
3, 7, 18749477
List the prime factors of 123679305.
3, 5, 31, 9851
What are the prime factors of 1398857737?
1398857737
List the prime factors of 38759925.
3, 5, 449, 1151
What are the prime factors of 139672877?
431, 324067
List the prime factors of 542233800.
2, 3, 5, 301241
What are the prime factors of 959030014?
2, 59, 1031, 7883
What are the prime factors of 447852338?
2, 10313, 21713
List the prime factors of 756972654.
2, 3, 19, 6640111
List the prime factors of 472662539.
631, 749069
List the prime factors of 404871932.
2, 17, 5953999
What are the prime factors of 1179407738?
2, 727, 811147
What are the prime factors of 1131077927?
7, 23083223
List the prime factors of 343392081.
3, 114464027
List the prime factors of 214825264.
2, 503, 26693
List the prime factors of 646300264.
2, 29, 79, 179, 197
What are the prime factors of 19152718?
2, 13, 73, 10091
List the prime factors of 1332734598.
2, 3, 13, 37, 59, 2609
What are the prime factors of 131682385?
5, 401, 65677
What are the prime factors of 3053065546?
2, 677, 2254849
What are the prime factors of 1066288605?
3, 5, 3191, 22277
List the prime factors of 6314100.
2, 3, 5, 13, 1619
List the prime factors of 6983891695.
5, 11, 23, 5520863
What are the prime factors of 212406579?
3, 7, 11, 306503
What are the prime factors of 132328364?
2, 7, 4726013
List the prime factors of 160499870.
2, 5, 16049987
List the prime factors of 99972164.
2, 29, 861829
List the prime factors of 290802545.
5, 11, 41, 128959
List the prime factors of 3402847747.
13, 131, 1153, 1733
List the prime factors of 23676476.
2, 23, 257353
What are the prime factors of 35374347?
3, 317, 4133
List the prime factors of 66376350.
2, 3, 5, 147503
What are the prime factors of 520462759?
520462759
List the prime factors of 1035800973.
3, 17, 577, 3911
List the prime factors of 156641038.
2, 127, 229, 2693
What are the prime factors of 42060792?
2, 3, 919, 1907
List the prime factors of 13576571.
13576571
What are the prime factors of 1619768336?
2, 101235521
What are the prime factors of 219771662?
2, 11, 317, 31513
What are the prime factors of 42451765?
5, 37, 229469
List the prime factors of 2469394006.
2, 47, 2591, 10139
List the prime factors of 894583520.
2, 5, 17, 328891
List the prime factors of 3433964136.
2, 3, 143081839
What are the prime factors of 6174802888?
2, 661, 1167701
What are the prime factors of 4603998874?
2, 37, 821, 75781
What are the prime factors of 130411127?
7, 11, 23, 73637
List the prime factors of 334786064.
2, 37, 565517
What are the prime factors of 62521206?
2, 3, 11, 17, 103, 541
What are the prime factors of 117700654?
2, 421, 139787
List the prime factors of 14262248.
2, 7, 11, 13, 137
What are the prime factors of 125496331?
113, 1110587
List the prime factors of 54213916.
2, 19, 31, 23011
List the prime factors of 115454460.
2, 3, 5, 11, 174931
What are the prime factors of 4398534225?
3, 5, 109, 191, 313
What are the prime factors of 1875660554?
2, 3119, 300683
List the prime factors of 1177740728.
2, 103, 353, 4049
List the prime factors of 319034343.
3, 1553, 68477
What are the prime factors of 2937532?
2, 13, 17, 3323
What are the prime factors of 631273509?
3, 59, 1188839
What are the prime factors of 42577430?
2, 5, 7, 523, 1163
List the prime factors of 199358519.
9049, 22031
What are the prime factors of 354505386?
2, 3, 17, 3475543
What are the prime factors of 180159560?
2, 5, 7, 109, 5903
List the prime factors of 1838516550.
2, 3, 5, 13, 181, 5209
What are the prime factors of 3425999507?
7, 67, 7304903
What are the prime factors of 4651718853?
3, 11257, 137743
List the prime factors of 31107144.
2, 3, 17, 76243
List the prime factors of 1221006942.
2, 3, 337, 201287
List the prime factors of 33748462.
2, 11, 1534021
What are the prime factors of 254778877?
107, 383, 6217
List the prime factors of 908926832.
2, 11, 469487
List the prime factors of 1239049866.
2, 3, 206508311
What are the prime factors of 6459094?
2, 3229547
List the prime factors of 157866048.
2, 3, 61, 4493
List the prime factors of 117050985.
3, 5, 59, 44087
What are the prime factors of 38244341?
38244341
List the prime factors of 182721339.
3, 113, 19963
List the prime factors of 2090659503.
3, 29, 383, 62743
What are the prime factors of 2922515077?
19, 153816583
What are the prime factors of 540465695?
5, 7, 11, 1403807
What are the prime factors of 2708250650?
2, 5, 7, 7737859
What are the prime factors of 754583703?
3, 293, 858457
What are the prime factors of 4394800482?
2, 3, 179, 4091993
List the prime factors of 158874187.
2689, 59083
List the prime factors of 53173159.
13, 4090243
What are the prime factors of 46935960?
2, 3, 5, 391133
What are the prime factors of 99259921?
367, 270463
What are the prime factors of 8982664733?
7, 569, 2255251
List the prime factors of 41038012.
2, 10259503
What are the prime factors of 334357170?
2, 3, 5, 7, 389, 4093
What are the prime factors of 575011086?
2, 3, 13, 23, 197, 1627
What are the prime factors of 261140227?
261140227
What are the prime factors of 1932911339?
17, 37, 41, 241, 311
List the prime factors of 796648499.
347, 2295817
What are the prime factors of 1181542672?
2, 61, 1210597
List the prime factors of 712363175.
5, 647, 44041
List the prime factors of 328756806.
2, 3, 7, 67, 4327
What are the prime factors of 51532059?
3, 53, 324101
List the prime factors of 2314872733.
19, 151, 806857
What are the prime factors of 71179722?
2, 3, 439381
What are the prime factors of 110648157?
3, 239, 154321
List the prime factors of 69306347.
11, 89, 70793
What are the prime factors of 77819633?
131, 503, 1181
What are the prime factors of 45040262?
2, 22520131
List the prime factors of 1038630.
2, 3, 5, 89, 389
List the prime factors of 1012056046.
2, 521, 971263
What are the prime factors of 99258137?
11, 443, 20369
What are the prime factors of 245853942?
2, 3, 229, 178933
List the prime factors of 550401078.
2, 3, 17, 53, 113
What are the prime factors of 77669847?
3, 106543
List the prime factors of 98455877.
13, 557, 13597
List the prime factors of 1075413413.
1075413413
What are the prime factors of 739340877?
3, 11, 29, 821, 941
What are the prime factors of 62654482?
2, 11, 2847931
List the prime factors of 4913817037.
17, 23, 31, 53, 7649
What are the prime factors of 371457653?
7, 73, 726923
List the prime factors of 14860503.
3, 7, 26209
What are the prime factors of 1466342813?
13, 112795601
What are the prime factors of 1785920542?
2, 7, 19, 53, 18097
List the prime factors of 37167746.
2, 7, 11, 17, 14197
List the prime factors of 5174590863.
3, 13, 3089, 42953
What are the prime factors of 2698414741?
11, 245310431
List the prime factors of 4598125453.
4598125453
What are the prime factors of 166931446?
2, 11, 7587793
What are the prime factors of 32003595?
3, 5, 13, 227, 241
List the prime factors of 70969450.
2, 5, 1419389
List the prime factors of 358013996.
2, 1483, 60353
List the prime factors of 1210168509.
3, 11, 37, 991129
What are the prime factors of 8020868?
2, 131, 15307
What are the prime factors of 134414046?
2, 3, 13, 191473
What are the prime factors of 259958781?
3, 17, 37, 15307
List the prime factors of 40431571.
40431571
What are the prime factors of 1127761817?
7, 13, 43, 288209
What are the prime factors of 2921795766?
2, 3, 53, 1020893
What are the prime factors of 49009430?
2, 5, 4900943
List the prime factors of 665228870.
2, 5, 17, 383, 601
List the prime factors of 61408338.
2, 3, 401, 25523
List the prime factors of 184704136.
2, 23088017
What are the prime factors of 23604382?
2, 11802191
List the prime factors of 45431198.
2, 41, 113, 4903
List the prime factors of 331876389.
3, 13, 911, 9341
What are the prime factors of 120154031?
59, 509, 4